6. Let n be y(w). List the prime factors of g(n).
2, 3, 7
Let k = -7534 + 13847. List the prime factors of k.
59, 107
Let k(i) = -i**2 + 14*i - 28. Let b be k(12). Let h be (-28)/(-14) - (1 + b/1). Suppose -2*y = h*c - 186, -2*y - 5*c = 3*y - 435. List the prime factors of y.
83
Let v(f) be the second derivative of -f**5/10 - 3*f**4/4 + 2*f**3 + 10*f**2 - 26*f. Let d be v(-7). What are the prime factors of d - (8/(-20) - (-34)/10)?
2, 89
Suppose -16*o = -12*o - 556. Suppose 10*d + o - 679 = 0. Suppose 3*r - 2*z - d = 76, 5*z + 25 = 0. What are the prime factors of r?
2, 5
Suppose 5*d + 2*m - 34840 - 38353 = 0, 5*d = 2*m + 73197. What are the prime factors of d?
14639
Let l(u) = 52*u**2 - u - 1. Let g be l(2). Let o be (-7884)/(-54)*(1 - -1). Let c = o - g. What are the prime factors of c?
3, 29
Let n = -141792 - -200796. List the prime factors of n.
2, 3, 11, 149
Suppose -8 = -s + 5*u + 7, -5*u - 175 = -5*s. Let m = 1 + 15. Let d = s + m. What are the prime factors of d?
2, 7
Suppose 6*n - 12 = -0*n. Let h be 66/3 - (3 - n). Let z = h + 75. What are the prime factors of z?
2, 3
Let s = 5264 + 1211. List the prime factors of s.
5, 7, 37
Let p = -154 - -156. Suppose -f + 484 = l - 150, p*f - 5*l - 1268 = 0. List the prime factors of f.
2, 317
Suppose 0 = -9*b + 31*b + 11*b - 72105. What are the prime factors of b?
5, 19, 23
Let l = 1408 - 2204. List the prime factors of l/(-5) + (4/5 - 1).
3, 53
Let h(a) = 2*a**3 - 24*a**2 - 9*a + 335. What are the prime factors of h(17)?
2, 3
Let z be -7 + -1 + (-108)/(-27). What are the prime factors of z/18 + (-56186)/(-117)?
2, 3, 5
What are the prime factors of (1121 - (-11 - -19)) + -15?
2, 3, 61
Let v(t) = 4*t**3 + 19*t**2 - 18*t - 14. List the prime factors of v(6).
2, 23, 31
Let h(q) = q**2 + 60*q + 245. What are the prime factors of h(57)?
2, 3457
Let i(s) = s**2 - 5*s - 46. Let y be i(-5). Suppose -6807 = -5*q + 4*x, -4*x = -y*q + x + 5442. List the prime factors of q.
29, 47
Let b = 115 - 166. Let y be b - 2/(-4)*8. Let j = y + 152. What are the prime factors of j?
3, 5, 7
Suppose 61*s - 32607 - 14607 = 0. What are the prime factors of s?
2, 3, 43
Let o(b) = -12*b**2 - 5*b + 6. Let j be o(2). Let i = 52 + j. Suppose -3*m + 3*g + 174 + 39 = i, -5*g = -m + 91. List the prime factors of m.
2, 3, 11
Let f(l) = -l**3 - 4*l**2 - l + 10. Let r be (-4 - (-4)/1) + -3. Let u be f(r). Suppose -j - 2*k = -62, -k = 4*j - u*k - 303. List the prime factors of j.
2, 3
Suppose 15 = 2*m + m. Suppose -335*h + 334*h = -2. Suppose 0 = 2*i - 2*f - h*f - 172, f - 419 = -m*i. What are the prime factors of i?
2, 3, 7
Let t be (-8 - (2 + -9))*5*3. Let r be (-260)/t - 5/15. Let i = r - 6. List the prime factors of i.
11
Suppose -1213 = -g + 3*c, 1205 = g + 17*c - 16*c. What are the prime factors of g?
17, 71
Let m(y) = 3*y**3 + 5*y**2 + 5*y - 10. Let i be m(6). Let t = i + -597. List the prime factors of t.
251
Let k = 4140 - 2730. What are the prime factors of k?
2, 3, 5, 47
Let y = -672 - -597. What are the prime factors of 290/(-105)*y + (-12)/(-14)?
2, 13
Suppose 20*b + 4*b = 12984. What are the prime factors of b + 3 - (-21)/(-3)?
3, 179
Let z = -364 + 198. List the prime factors of z/747 - (-15412)/18.
2, 107
Let g(w) = -60*w - 16. Let y be g(-6). Suppose -11*c - y = -1433. List the prime factors of c - (-3 - -6 - (-1 + 1)).
2, 3
What are the prime factors of 18/189 + (-303402)/(-63)?
2, 7, 43
Suppose -7*r - 24830 = -70904. List the prime factors of r.
2, 3, 1097
Let i(j) = 580*j**3 + 2*j**2 - 3*j + 1. Let b be i(1). Let o = b + 489. List the prime factors of o.
1069
Let d be (-11022)/(-15) - (1/(-5))/1. Suppose 87*t = 82*t + d. What are the prime factors of t?
3, 7
Let k(t) = -52*t**3 + 2*t**2 + 3*t + 1. Let q be k(-1). List the prime factors of -6 + 1 + 4 + q.
3, 17
List the prime factors of (147/(-6))/(-11 + (-182375)/(-16580)).
2, 7, 829
Let j(s) = 151*s + 10. Suppose -143*u = -153*u + 30. What are the prime factors of j(u)?
463
Let w(r) = -r**2 + 2*r + 25. Let v be (-366)/(-4) - ((-6)/(-4) - 1). Let u be 14/v + 4/(-26). What are the prime factors of w(u)?
5
Let w(l) = 176*l + 4014. What are the prime factors of w(125)?
2, 13007
Suppose -43*o + 695453 = -157882. What are the prime factors of o?
3, 5, 7
Let k(l) = l**3 - 3*l**2 - 6. Let u be k(5). Let g = u - 40. Suppose 29 = g*d - 91. List the prime factors of d.
2, 3, 5
Let o(i) = -3*i**3 - 6*i**2 + 4*i + 2. Let r(z) = 2. Let k(d) = 3. Let a(h) = 3*k(h) - 4*r(h). Let s(j) = -4*a(j) - o(j). List the prime factors of s(4).
2, 7, 19
Suppose 26219 = -3*p - 20716. Let d = 7009 + p. List the prime factors of (d/85)/((-4)/10).
2, 127
List the prime factors of (-4 - -579)/(17/34).
2, 5, 23
Let z = -124 - -122. What are the prime factors of 172*(z - 2 - -6)?
2, 43
Suppose -99*p + 26044 = -84*p - 27776. List the prime factors of p.
2, 3, 13, 23
Let g(u) = -u**3 - 3*u**2 - 6*u. Let x be g(-2). Suppose 0 = 3*v + v - x. Suppose -v*r - 108 = -5*r. List the prime factors of r.
2, 3
Suppose 0 = -249*c + 260*c - 53592. What are the prime factors of c?
2, 3, 7, 29
Suppose 0*s - 2*s + 8 = 0. Suppose s*c = 8*c - 108. Suppose 0 = -4*g + c + 101. What are the prime factors of g?
2
Let b be (-1)/(1 - (-1386)/(-1383)). Suppose -31*r = 2*n - 29*r - 456, -3*r = -2*n + b. What are the prime factors of n?
229
Suppose 0 = 7*s - 10412 + 3447. Let u = s - 416. List the prime factors of u.
3, 193
Let s = -617 + 1660. Suppose -1033 - s = -3*f. Suppose -m = -5*l - 254, -3*m - l + 2*l + f = 0. List the prime factors of m.
229
Suppose -28393 = -10*j - 1243. Suppose 2*w - 6*p = -p + 2755, -2*w - 3*p = -j. List the prime factors of w.
3, 5, 7, 13
Let k = -2581 - -1696. What are the prime factors of 12*(-7)/(140/k)?
3, 59
Let k(f) = -f**2 - 46*f + 158. Let n be k(-40). Let w = n + -115. What are the prime factors of w?
283
Let d be 152/(-684) + (101/9 - 0). Suppose d*t = 2438 - 18. What are the prime factors of t?
2, 5, 11
Let k = -3690 - -4462. List the prime factors of k.
2, 193
Let f(u) = -15*u + 41. Let q = -82 + 121. Suppose -9*o = -12*o - q. List the prime factors of f(o).
2, 59
List the prime factors of ((239804/3)/(4/(-2)))/((-228)/342).
59951
Suppose 512*a = -13*a + 48607650. What are the prime factors of a?
2, 3, 13, 1187
Let k(x) be the second derivative of -5*x**3/3 + 100*x**2 - 28*x. List the prime factors of k(-31).
2, 3, 5, 17
What are the prime factors of 10 + 0 - (-60855 - -5)/5?
2, 3, 5, 7, 29
Let h be -8*(-3 - (-42)/16). Suppose -9*a + h*a = -7878. What are the prime factors of a?
13, 101
Suppose -50926275 + 19496475 = -456*k. List the prime factors of k.
3, 5, 919
Suppose -131548 - 75932 = -24*y. What are the prime factors of y?
5, 7, 13, 19
Let j(r) = 57*r**2 + 22*r - 160. What are the prime factors of j(-15)?
5, 2467
List the prime factors of 30401 - (2 - 0) - (-256 + 255).
2, 5, 19
Let v = -40685 - -70503. List the prime factors of v.
2, 17, 877
Suppose -134 = -2*p - 84. What are the prime factors of 976/5 + ((-130)/p - -5)?
3, 5, 13
Suppose 2*x - 13 = -3*x - j, 4*j + 14 = 2*x. Let q be ((-15)/(-4))/x*4. List the prime factors of (q + 102/24)*(9 - 1).
2, 37
Let f be (-1)/((-34)/(-4)) - 2535/(-17). Let s = f + 299. What are the prime factors of s?
2, 7
Let z = -6 - 22. Let j = z - -43. Suppose -p - j - 56 = -2*c, 2*p - 103 = -3*c. List the prime factors of c.
5, 7
Let t(y) = 2*y**2 - y + 2. Let f(i) = 2*i**2 - i + 1. Let x(b) = 5*f(b) - 3*t(b). What are the prime factors of x(-9)?
11, 31
Let h(x) = 2 - 2*x**2 + 45*x**3 - 3*x**2 + x**2 - 64*x**3. List the prime factors of h(-3).
479
Let g = -304 - -325. Suppose 2730 = g*r - 8*r. List the prime factors of r.
2, 3, 5, 7
Suppose -19360 = 2*m + 3*m - 75470. List the prime factors of m.
2, 31, 181
Let u = 235 + -238. What are the prime factors of 53*(u + 5 + 7)?
3, 53
Let i(b) = -25*b - 70. Let j be i(23). Let q = j - -1084. What are the prime factors of q?
439
List the prime factors of 26491338/374 - 18/(-33).
3, 7, 3373
Let r(k) = -9*k - 25. Let p be r(-4). Let v(u) = 2*u**2 - 12*u - 8. Let g be v(p). Suppose 0 = c + 2*t - g, -t + 489 = 5*c + 2*t. List the prime factors of c.
2, 3
Let w(v) = -83*v - 18. Let o be w(-14). Suppose 4*u = -2*r + o, 4*r - u = -758 + 3037. List the prime factors of r.
2, 3, 5, 19
Suppose -6444 = -230*d + 